d(10)?
-17
Let d(s) = s**3 + 6*s**2 - 5. Determine d(-5).
20
Let g(l) = -106*l + 422. Give g(4).
-2
Let n(b) = -49*b + 301. Give n(6).
7
Let w(n) = n**3 - 4*n**2 + 2*n + 12. What is w(5)?
47
Let k(o) = 7*o - 6. Determine k(-3).
-27
Let z(s) = -4*s**2 - 2*s. Give z(-2).
-12
Let r(c) = 2*c**3 + 2*c**2. Calculate r(3).
72
Let m(g) = g**3 + 4*g**2 + g - 8. Determine m(-5).
-38
Let v(h) = -h**2 - 14*h + 7. What is v(-15)?
-8
Let o(p) = -p**3 - 9*p**2 + 12*p - 6. Determine o(-10).
-26
Let n(i) = 2*i**2 - 41*i + 40. What is n(19)?
-17
Let y(w) = -w**2 + 5*w. Determine y(4).
4
Let k(y) = 14*y + 190. Determine k(-13).
8
Let v(x) = -x**2 - 6*x - 5. What is v(-4)?
3
Let r(l) = -2*l**3 - 15*l**2 - 7*l + 14. What is r(-7)?
14
Let v(x) = -14*x**2 - 5*x - 5. What is v(-1)?
-14
Let q(o) = 5*o + 14. Calculate q(-4).
-6
Let g(w) = 18*w - 36. Calculate g(2).
0
Let o(n) = -172*n + 174. What is o(1)?
2
Let j(k) = k**3 - 5*k**2 + 5. Calculate j(5).
5
Let v(l) = l**2 - 34*l + 236. What is v(10)?
-4
Let l(w) = -w**3 - 5*w**2 - 2*w + 1. Give l(-5).
11
Let y(u) = u**3 + 7*u**2 + 5*u - 16. What is y(-6)?
-10
Let z(w) = -39*w**3 + 2*w**2 - 4*w + 1. What is z(1)?
-40
Let v(u) = 67*u - 1. What is v(1)?
66
Let c(y) = -y**3 - 16*y**2 - 30*y + 18. Determine c(-14).
46
Let j(h) = -62*h**3 + 2*h**2 + 4*h + 2. Give j(-1).
62
Let k(c) = -c - 16. What is k(-6)?
-10
Let m(i) = -4*i + 2. Calculate m(0).
2
Let o(g) = 13*g**3 + 2*g - 2. Determine o(1).
13
Let t(b) = b**3 - 5*b**2 - 5*b - 6. Give t(5).
-31
Let r(a) = 2*a + 5. Give r(5).
15
Let c(v) = -4*v + 10. Give c(3).
-2
Let g(q) = 7*q + 8. What is g(-3)?
-13
Let l(t) = -t**2 + 4*t - 1. Determine l(3).
2
Let v(a) = 3*a - 1. Determine v(-3).
-10
Let g(l) = -l**3 - 3*l**2 + 8*l + 6. What is g(-6)?
66
Let l(y) = 51*y - 4. Give l(1).
47
Let l(a) = -a**3 - 3*a**2 + 39. What is l(0)?
39
Let l(k) = -k**3 + 4*k**2 - 3*k. Calculate l(3).
0
Let n(c) = -c**2 + 47*c - 488. Calculate n(15).
-8
Let l(h) = -h**2 - 6*h - 18. What is l(-6)?
-18
Let p(q) = -q**2 + 8*q - 7. Determine p(-6).
-91
Let q(h) = 8*h + 35. Give q(-9).
-37
Let o(p) = -p**3 + 26*p**2 + p - 18. What is o(26)?
8
Let b(u) = 6*u - 37. Determine b(5).
-7
Let s(u) = 14*u + 976. Calculate s(-70).
-4
Let d(w) = w**2 + 32*w + 81. What is d(-30)?
21
Let p(a) = -4*a - 43. Give p(-7).
-15
Let g(s) = 5*s - 137. Calculate g(32).
23
Let g(z) = z**2 - 7*z + 16. Give g(6).
10
Let i(j) = -j**3 + 36*j**2 + 119*j - 84. Determine i(39).
-6
Let c(o) = -10*o - 56. What is c(-6)?
4
Let l(m) = m + 14. Determine l(-17).
-3
Let a(t) = 26*t + 203. Calculate a(-7).
21
Let j(b) = b**3 + 3*b**2. Give j(-3).
0
Let b(o) = o. Determine b(1).
1
Let c(x) = -x**3 + 5*x**2 + 7*x - 8. Give c(6).
-2
Let t(o) = -2*o**3 - 8*o**2 + 11*o + 3. Give t(-5).
-2
Let f(u) = 4*u - 8. Determine f(3).
4
Let a(i) = i**2 - 2*i - 20. Give a(8).
28
Let t(x) = x**3 + 16*x**2 - 12*x + 2. Calculate t(-17).
-83
Let a(o) = o**3 - 6*o**2 - 8. Calculate a(6).
-8
Let k(j) = 57*j**3 - j**2 + j - 1. Calculate k(1).
56
Let i(x) = x**3 - 8*x**2 + 8*x - 5. Give i(7).
2
Let m(f) = f**3 + 8*f**2 - 10*f + 15. Calculate m(-8).
95
Let g(a) = -a**2 - 11*a - 12. Calculate g(-10).
-2
Let s(a) = -14*a + 91. Give s(6).
7
Let o(i) = -i**3 - 8*i**2 - 6*i - 1. Give o(-4).
-41
Let i(a) = 4*a + 23. Calculate i(-16).
-41
Let r(g) = -2*g - 40. Give r(-10).
-20
Let y(j) = j**3 - 14*j**2 + 20*j + 28. Determine y(12).
-20
Let g(p) = 4*p**2 + 17*p + 8. Give g(-4).
4
Let m(f) = -8*f**2 - 4*f - 5. Determine m(-2).
-29
Let w(a) = -4*a**2 + 2*a - 3. What is w(1)?
-5
Let i(v) = -v**3 - 8*v**2 - 9*v - 2. What is i(-5)?
-32
Let k(s) = -s**2 + 43*s - 88. What is k(40)?
32
Let a(w) = w - 17. Calculate a(8).
-9
Let d(l) = l**3 - 6*l**2 - 3*l - 3. Determine d(6).
-21
Let g(u) = u**3 - 21*u**2 + 4*u - 92. Determine g(21).
-8
Let m(d) = d**2 + 4*d - 3. What is m(-7)?
18
Let y(m) = -2*m**2 - 4*m + 45. Determine y(-6).
-3
Let u(n) = -n - 14. Determine u(-15).
1
Let y(r) = -113*r**2 + r + 2. What is y(-1)?
-112
Let m(w) = -9*w - 27. Calculate m(-12).
81
Let q(b) = -b**2 + 7. Give q(-3).
-2
Let g(h) = 11*h + 22. Give g(-2).
0
Let w(d) = -4*d**3 + 4*d - 2. Determine w(2).
-26
Let u(x) = -3*x**2 + 3*x + 4. Give u(4).
-32
Let m(y) = -y**3 - 12*y**2 - 15*y - 43. Give m(-11).
1
Let x(d) = 2*d - 2. Calculate x(0).
-2
Let p(s) = -4*s - 31. Calculate p(-10).
9
Let r(p) = -2*p - 44. Determine r(-30).
16
Let b(x) = x**2 - 6*x - 12. Give b(7).
-5
Let o(d) = 9*d - 7. Calculate o(6).
47
Let l(m) = 3*m + 23. Give l(-12).
-13
Let k(h) = -27*h + 2. Determine k(-1).
29
Let o(a) = -a**3 - 5*a**2 + 7*a - 8. Calculate o(0).
-8
Let a(s) = s**3 + 12*s**2 - 2*s - 8. Calculate a(-12).
16
Let j(o) = o**3 - 6*o**2 - 3*o - 8. What is j(6)?
-26
Let i(z) = -z**3 - 5*z**2 - 5*z + 7. Calculate i(-4).
11
Let l(s) = -44*s - 707. What is l(-16)?
-3
Let i(v) = -v**2 + 5*v + 11. Determine i(7).
-3
Let t(x) = 8*x + 2. Determine t(-9).
-70
Let c(v) = 2*v**2 - 6*v + 4. What is c(4)?
12
Let w(n) = 4*n + 47. What is w(-11)?
3
Let i(b) = b**3 - 2*b**2 - 5*b - 6. Give i(-3).
-36
Let w(b) = -63*b + 6. What is w(1)?
-57
Let o(a) = 16*a + 40. Calculate o(-7).
-72
Let b(l) = 2*l - 7. Give b(0).
-7
Let b(f) = -9*f + 49. Calculate b(6).
-5
Let g(o) = 6*o + 15. Determine g(-7).
-27
Let t(r) = -r**3 - 7*r**2 - 6*r + 5. Calculate t(-6).
5
Let r(x) = 2*x - 19. What is r(7)?
-5
Let t(w) = -12*w - 2. Calculate t(3).
-38
Let t(r) = -97*r - 389. Give t(-4).
-1
Let f(i) = -i**3 + 19*i**2 - 33*i - 12. Determine f(17).
5
Let u(r) = 4*r + 25. Give u(-7).
-3
Let l(s) = s**3 + 5*s**2 + 3*s - 11. Give l(-6).
-65
Let u(w) = 2*w**3 - 5*w**2 + 3*w - 4. Calculate u(3).
14
Let u(h) = -h**2 - 6*h - 13. Calculate u(-4).
-5
Let n(h) = -h**2 + 15*h + 1. What is n(1)?
15
Let a(p) = p**3 + 2*p**2 - 3*p + 3. Give a(-4).
-17
Let l(n) = -7*n - 1. What is l(-1)?
6
Let b(x) = x**2 + 14*x - 66. Determine b(-21).
81
Let y(q) = q**3 - 9*q**2 - 5*q + 22. Give y(9).
-23
Let f(n) = -13*n**2 + 2*n + 1. Determine f(-1).
-14
Let t(z) = -z**3 - 11*z**2 + 2*z + 16. What is t(-11)?
-6
Let h(t) = -16*t - 9. Give h(4).
-73
Let r(m) = m**3 - 6*m**2 + 2*m - 7. Determine r(6).
5
Let n(d) = d**3 + 2*d**2 + d. What is n(2)?
18
Let x(a) = a**3 - 5*a**2 - 10*a + 8. What is x(6)?
-16
Let n(f) = f**2 - 8*f - 38. Determine n(10).
-18
Let t(p) = 2*p**2 + 38*p + 174. Determine t(-11).
-2
Let k(q) = -q**2 + 4*q + 7. Determine k(5).
2
Let j(f) = -f**2 + 5*f + 25. Give j(7).
11
Let w(u) = -u**2 + 4*u + 2. What is w(4)?
2
Let x(h) = -h**2 - 5*h + 13. Give x(-6).
7
Let g(h) = -56*h - 456. Calculate g(-8).
-8
Let y(g) = -g**3 + 9*g**2 + 6*g + 9. Determine y(10).
-31
Let v(y) = -33*y**2 - y. Calculate v(1).
-34
Let a(j) = 2*j + 45. Calculate a(-17).
11
Let a(k) = 6*k + 9. Determine a(4).
33
Let q(o) = o**3 + 2*o**2 - 2*o - 6. Determine q(3).
33
Let u(v) = -53*v - 157. Give u(-3).
2
Let f(s) = -s**2 - 7*s - 16. Determine f(-7).
-16
Let g(h) = 4*h**2 + 5*h + 4. What is g(-2)?
10
Let n(p) = -162*p**3 + 2*p**2 + 2*p + 1. What is n(-1)?
163
Let h(c) = 3*c**2 - 113*c - 161. What is h(39)?
-5
Let m(a) = a**2 - 10*a - 7. What is m(-7)?
112
Let x(p) = -p**3 + 37*p**2 + p - 39. Calculate x(37).
-2
Let b(z) = z**3 + 7*z**2 + 5*z + 12. Determine b(-7).
-23
Let g(f) = 33*f + 5. What is g(-1)?
-28
Let z(x) = -22*x + 28. What is z(2)?
-16
Let q(i) = -i - 7. Give q(-27).
20
Let a(f) = -12*f + 5. What is a(7)?
-79
Let w(x) = x**2 + 2*x - 9. Calculate w(-4).
-1
Let m(u) = 112*u + 680. Give m(-6).
8
Let l(c) = -c**3 + 9*c**2 - 12*c + 28. Determine l(8).
-4
Let z(r) = r**2 - 8*r - 3. Calculate z(10).
17
Let q(i) = 13*i + 10. What is q(-5)?
-55
Let h(t) = t + 24. Determine h(-13).
11
Let x(w) = 2*w**2 - 16*w + 3. Calculate x(6).
-21
Let q(b) = -b**2 - 7*b - 12. What is q(-5)?
-2
Let q(m) = -5*m - 44. Give q(-17).
41
Let l(u) = -u**2 + 21*u - 76. Calculate l(19).
-38
Let u(d) = 39*d - 350. Calculate u(9).
1
Let j(g) = -7*g**3 + 4*g**2 - 8*g + 4. Give j(2).
-52
Let z(h) = -h + 3. Calculate z(-4).
7
Let i(z) = -5*z**3 - z. What is i(1)?
-6
Let a(l) = l**2 + 6*l - 2. Determine a(-7).
5
Let r(j) = -2*j**2 + 8*j + 6. What is r(6)?
-18
Let d(f) = f**3 + 3*f**2 - 3*f + 3. Calculate d(-4).
-1
Let r(c) = 51*c**3 + 2*c**2 - c - 1. Calculate r(1).
51
Let f(j) = -j**2 - 13*j + 36. Determine f(-15).
6
Let g(y) = y**3 + 7*y